{"id":7,"date":"2015-09-08T15:01:17","date_gmt":"2015-09-08T15:01:17","guid":{"rendered":"http:\/\/test.xn--kinderfrderverein-reitmehring-m5c.de\/?page_id=7"},"modified":"2016-04-13T09:47:28","modified_gmt":"2016-04-13T09:47:28","slug":"ueber-uns","status":"publish","type":"page","link":"https:\/\/www.kinderf\u00f6rderverein-reitmehring.de\/?page_id=7","title":{"rendered":"\u00dcber uns"},"content":{"rendered":"<p><strong>Liebe Eltern und Freunde der Kinder Reitmehrings und Umgebung,<\/strong><\/p>\n<p><span style=\"color: #000000;\">der Kinder- und Jugendf\u00f6rderverein Reitmehring e.V. ist <em>1994<\/em> aus einer Elterninitiative entstanden. Er <a style=\"color: #000000;\" href=\"http:\/\/s590932398.online.de\/wp-content\/uploads\/2015\/11\/logo_outlined.gif\"><img loading=\"lazy\" class=\"wp-image-198 alignright\" src=\"http:\/\/s590932398.online.de\/wp-content\/uploads\/2015\/11\/logo_outlined-300x263.gif\" alt=\"\" width=\"150\" height=\"131\" \/><\/a>hatte sich zum Ziel gesetzt, den Kindergarten kindgerechter zu gestalten. So wurden bestehende R\u00e4umlichkeiten so umgestaltet, dass f\u00fcr die Kinder ein gr\u00f6\u00dferes Spielangebot in kleineren Gruppen erm\u00f6glicht, eine B\u00fchne im Turnraum errichtet und insbesondere der Kindergarten finanziell unterst\u00fctzt. Damals war der Verein unter dem Namen \u201eF\u00f6rderverein Kindergarten Reitmehring e.V.\u201c im Vereinsregister eingetragen.<\/span><\/p>\n<p><span style=\"color: #000000;\">Bereits <em>1999<\/em> bekam das Kind einen neuen Namen:<\/span><br \/>\n<span style=\"color: #000000;\"> \u201eKinder- und Jugendf\u00f6rderverein Reitmehring e.V.. Seitdem ist die Unterst\u00fctzung von Kindern und Jugendlichen aller Altersstufen Ziel des Vereins, das hei\u00dft, Raum zu schaffen und Angebote zur Freizeitgestaltung zur Verf\u00fcgung zu stellen.<\/span><br \/>\n<span style=\"color: #000000;\"> Mittlerweile z\u00e4hlt unser Verein \u00fcber 180 Familienmitgliedschaften.<\/span><\/p>\n<p><span style=\"color: #000000;\">Wir helfen durch freiwillige Arbeitsleistungen und durch finanzielle Zuwendungen zum Beispiel:<\/span><\/p>\n<p><span style=\"color: #000000;\">&#8211; finanzielle Unterst\u00fctzung f\u00fcr Kindergarten und Mittagsbetreuung der Grundschule<\/span><br \/>\n<span style=\"color: #000000;\"> Reitmehring<\/span><br \/>\n<span style=\"color: #000000;\"> &#8211; Krabbelkindern ein Treffen zu erm\u00f6glichen<\/span><br \/>\n<span style=\"color: #000000;\"> &#8211; Mutter-Kind-Turnen<\/span><br \/>\n<span style=\"color: #000000;\"> &#8211; Stepp-Aerobic f\u00fcr Jugendliche und M\u00fctter<\/span><br \/>\n<span style=\"color: #000000;\"> &#8211; Ballsport und Aikido f\u00fcr Jugendlichen<\/span><br \/>\n<span style=\"color: #000000;\"> &#8211; Fl\u00f6tenunterricht<\/span><br \/>\n<span style=\"color: #000000;\"> &#8211; Nikolausdienst<\/span><br \/>\n<span style=\"color: #000000;\"> &#8211; Ferienprogramm<\/span><br \/>\n<span style=\"color: #000000;\"> &#8211; Vereinsfahrten (z.B. Theater f\u00fcr Kinder, Zirkus Krone, Tierpark u.s.w.)<\/span><\/p>\n<p><span style=\"color: #000000;\">Unterst\u00fctzen auch Sie durch Ihre Mitgliedschaft diese Aufgaben zum Wohle unserer Kinder!<\/span><\/p>\n","protected":false},"excerpt":{"rendered":"<p>Liebe Eltern und Freunde der Kinder Reitmehrings und Umgebung, der Kinder- und Jugendf\u00f6rderverein Reitmehring e.V. ist 1994 aus einer Elterninitiative entstanden. Er hatte sich zum Ziel gesetzt, den Kindergarten kindgerechter zu gestalten. So wurden bestehende R\u00e4umlichkeiten so umgestaltet, dass f\u00fcr die Kinder ein gr\u00f6\u00dferes Spielangebot in kleineren Gruppen erm\u00f6glicht, eine B\u00fchne im Turnraum errichtet und [&hellip;]<\/p>\n","protected":false},"author":1,"featured_media":0,"parent":0,"menu_order":0,"comment_status":"closed","ping_status":"closed","template":"","meta":[],"_links":{"self":[{"href":"https:\/\/www.kinderf\u00f6rderverein-reitmehring.de\/index.php?rest_route=\/wp\/v2\/pages\/7"}],"collection":[{"href":"https:\/\/www.kinderf\u00f6rderverein-reitmehring.de\/index.php?rest_route=\/wp\/v2\/pages"}],"about":[{"href":"https:\/\/www.kinderf\u00f6rderverein-reitmehring.de\/index.php?rest_route=\/wp\/v2\/types\/page"}],"author":[{"embeddable":true,"href":"https:\/\/www.kinderf\u00f6rderverein-reitmehring.de\/index.php?rest_route=\/wp\/v2\/users\/1"}],"replies":[{"embeddable":true,"href":"https:\/\/www.kinderf\u00f6rderverein-reitmehring.de\/index.php?rest_route=%2Fwp%2Fv2%2Fcomments&post=7"}],"version-history":[{"count":12,"href":"https:\/\/www.kinderf\u00f6rderverein-reitmehring.de\/index.php?rest_route=\/wp\/v2\/pages\/7\/revisions"}],"predecessor-version":[{"id":216,"href":"https:\/\/www.kinderf\u00f6rderverein-reitmehring.de\/index.php?rest_route=\/wp\/v2\/pages\/7\/revisions\/216"}],"wp:attachment":[{"href":"https:\/\/www.kinderf\u00f6rderverein-reitmehring.de\/index.php?rest_route=%2Fwp%2Fv2%2Fmedia&parent=7"}],"curies":[{"name":"wp","href":"https:\/\/api.w.org\/{rel}","templated":true}]}}